actors of 757957?
383, 1979
List the prime factors of 212209.
212209
List the prime factors of 2665810.
2, 5, 7, 38083
What are the prime factors of 248372?
2, 31, 2003
What are the prime factors of 886122?
2, 3, 19, 2591
What are the prime factors of 500327?
17, 19, 1549
List the prime factors of 22803698.
2, 17, 811, 827
What are the prime factors of 4513938?
2, 3, 11, 13, 5261
List the prime factors of 435573.
3, 48397
List the prime factors of 38280592.
2, 7, 19, 17989
What are the prime factors of 2318171?
17, 19, 7177
List the prime factors of 4573289.
7, 17, 38431
List the prime factors of 1712734.
2, 41, 20887
List the prime factors of 2006318.
2, 71, 199
List the prime factors of 24529.
19, 1291
List the prime factors of 352697.
19, 977
List the prime factors of 83797.
7, 11971
What are the prime factors of 36402613?
13, 19, 293, 503
What are the prime factors of 6237?
3, 7, 11
List the prime factors of 345193.
345193
List the prime factors of 1415232.
2, 3, 7, 13
List the prime factors of 383452.
2, 17, 5639
What are the prime factors of 25599953?
29, 197, 4481
List the prime factors of 82565.
5, 7, 337
List the prime factors of 523686.
2, 3, 87281
List the prime factors of 44839.
44839
List the prime factors of 7541104.
2, 643, 733
What are the prime factors of 266063?
7, 191, 199
What are the prime factors of 101951?
269, 379
What are the prime factors of 462031?
491, 941
List the prime factors of 1035655.
5, 43, 4817
List the prime factors of 706768.
2, 163, 271
List the prime factors of 4429169.
67, 66107
List the prime factors of 2881182.
2, 3, 433, 1109
List the prime factors of 20530.
2, 5, 2053
List the prime factors of 412608.
2, 3, 7, 307
List the prime factors of 3542636.
2, 61, 14519
List the prime factors of 1381880.
2, 5, 179, 193
List the prime factors of 81701.
81701
What are the prime factors of 1045048?
2, 130631
List the prime factors of 131877.
3, 14653
List the prime factors of 1714918.
2, 857459
List the prime factors of 12679676.
2, 3169919
List the prime factors of 114710.
2, 5, 11471
What are the prime factors of 3949776?
2, 3, 41, 223
List the prime factors of 2385632.
2, 74551
List the prime factors of 753899.
17, 61, 727
What are the prime factors of 3990419?
3990419
List the prime factors of 13623584.
2, 13, 32749
List the prime factors of 2016048.
2, 3, 97, 433
List the prime factors of 18058.
2, 9029
List the prime factors of 1256439.
3, 418813
List the prime factors of 784949.
11, 71359
List the prime factors of 214488.
2, 3, 331
What are the prime factors of 31802247?
3, 479, 2459
List the prime factors of 265304.
2, 13, 2551
List the prime factors of 108451.
7, 15493
List the prime factors of 782201.
7, 131, 853
List the prime factors of 6089072.
2, 11, 29, 1193
What are the prime factors of 96432?
2, 3, 7, 41
What are the prime factors of 3005148?
2, 3, 223, 1123
What are the prime factors of 276031?
7, 47, 839
List the prime factors of 2236519.
2236519
What are the prime factors of 135012?
2, 3, 11251
What are the prime factors of 7102673?
1663, 4271
What are the prime factors of 14438104?
2, 1804763
List the prime factors of 2871056.
2, 179441
What are the prime factors of 12202399?
11, 1109309
List the prime factors of 8688931.
769, 11299
What are the prime factors of 5098493?
293, 17401
What are the prime factors of 1823338?
2, 11, 67, 1237
List the prime factors of 12000786.
2, 3, 7, 40819
List the prime factors of 448327.
11, 53, 769
What are the prime factors of 6006169?
13, 462013
List the prime factors of 37538961.
3, 67, 186761
List the prime factors of 22334853.
3, 7444951
What are the prime factors of 5590090?
2, 5, 11, 89, 571
List the prime factors of 2808524.
2, 702131
List the prime factors of 552500.
2, 5, 13, 17
What are the prime factors of 3465351?
3, 385039
List the prime factors of 209632.
2, 6551
What are the prime factors of 181572?
2, 3, 15131
List the prime factors of 5669568.
2, 3, 17, 193
What are the prime factors of 19040?
2, 5, 7, 17
List the prime factors of 2693839.
19, 29, 4889
What are the prime factors of 153147?
3, 71, 719
What are the prime factors of 86544?
2, 3, 601
What are the prime factors of 397825?
5, 15913
What are the prime factors of 3522072?
2, 3, 101, 1453
What are the prime factors of 237489?
3, 7, 43, 263
List the prime factors of 6242821.
13, 23, 20879
What are the prime factors of 983321?
307, 3203
What are the prime factors of 1031571?
3, 61, 1879
List the prime factors of 491646.
2, 3, 67, 1223
What are the prime factors of 8953679?
7, 17, 67, 1123
What are the prime factors of 1705103?
1705103
List the prime factors of 2465663.
17, 43, 3373
What are the prime factors of 347543?
7, 131, 379
What are the prime factors of 43123?
29, 1487
List the prime factors of 131037.
3, 31, 1409
What are the prime factors of 120770?
2, 5, 13, 929
List the prime factors of 12597443.
1871, 6733
What are the prime factors of 10889478?
2, 3, 67219
What are the prime factors of 5143209?
3, 1714403
What are the prime factors of 581591?
31, 73, 257
What are the prime factors of 1784702?
2, 892351
List the prime factors of 18180268.
2, 4545067
What are the prime factors of 3125507?
7, 11, 40591
List the prime factors of 5037579.
3, 43, 4339
List the prime factors of 861945.
3, 5, 7, 8209
List the prime factors of 562294.
2, 263, 1069
What are the prime factors of 39623?
39623
List the prime factors of 20297884.
2, 179, 28349
What are the prime factors of 42588?
2, 3, 7, 13
List the prime factors of 4013805.
3, 5, 267587
List the prime factors of 1712071.
19, 251, 359
List the prime factors of 56234.
2, 31, 907
What are the prime factors of 150411?
3, 181, 277
What are the prime factors of 91370?
2, 5, 9137
What are the prime factors of 3664876?
2, 916219
What are the prime factors of 48446?
2, 24223
List the prime factors of 4442625.
3, 5, 11, 359
What are the prime factors of 268661?
268661
What are the prime factors of 4583126?
2, 2291563
List the prime factors of 448470.
2, 3, 5, 11, 151
What are the prime factors of 159913?
13, 12301
What are the prime factors of 307302?
2, 3, 51217
List the prime factors of 20050421.
2347, 8543
List the prime factors of 1383618.
2, 3, 19, 53, 229
What are the prime factors of 221311?
221311
What are the prime factors of 171562?
2, 85781
What are the prime factors of 2116965?
3, 5, 141131
List the prime factors of 5775698.
2, 29, 99581
What are the prime factors of 13939384?
2, 1742423
List the prime factors of 631576.
2, 11, 7177
What are the prime factors of 6489136?
2, 431, 941
What are the prime factors of 33831?
3, 7, 179
List the prime factors of 2219.
7, 317
List the prime factors of 12642737.
1187, 10651
List the prime factors of 372675.
3, 5, 4969
What are the prime factors of 5227378?
2, 13, 107, 1879
What are the prime factors of 26502604?
2, 79, 83869
List the prime factors of 2113803.
3, 79, 991
What are the prime factors of 343225?
5, 13729
What are the prime factors of 126661?
23, 5507
What are the prime factors of 2517872?
2, 7, 22481
List the prime factors of 151921.
7, 11, 1973
What are the prime factors of 257768?
2, 7, 4603
List the prime factors of 800611.
7, 16339
What are the prime factors of 9408?
2, 3, 7
List the prime factors of 9514226.
2, 23, 107, 1933
What are the prime factors of 2905806?
2, 3, 484301
What are the prime factors of 1277387?
1277387
List the prime factors of 19170418.
2, 53, 223, 811
What are the prime factors of 109324?
2, 151, 181
List the prime factors of 4784340.
2, 3, 5, 11, 659
List the prime factors of 12258586.
2, 23, 266491
What are the prime factors of 370362?
2, 3, 17, 3631
List the prime factors of 2278654.
2, 7, 47, 3463
What are the prime factors of 563506?
2, 139, 2027
What are the prime factors of 25502565?
3, 5, 11, 14051
List the prime factors of 1316598.
2, 3, 219433
What are the prime factors of 314586?
2, 3, 17477
What are the prime factors of 13073206?
2, 6536603
List the prime factors of 2998006.
2, 11, 136273
What are the prime factors of 6063689?
6063689
What are the prime factors of 416952?
2, 3, 5791
What are the prime factors of 78070?
2, 5, 37, 211
List the prime factors of 10394720.
2, 5, 7, 9281
List the prime factors of 3538743.
3, 13, 31, 2927
List